 -4, -7 + 37 = 4*a + f*v. Is a a composite number?
True
Suppose 0 = 4*j + 5*x + 2, 0 = -2*j + 3*x + x - 14. Is 0 + -1*(-40 - j) a prime number?
True
Let r(i) = i**2 + 8*i + 2. Let f be r(-7). Let z(j) = -12*j. Let a be z(-2). Let q = f + a. Is q a prime number?
True
Let n be 4/2 - 490/(-5). Suppose -5*o + 355 = -n. Is o prime?
False
Let f(o) = 6*o**2 - 2*o + 1. Let k be f(1). Suppose 2 = -k*r - 8. Is ((-43)/r)/(3/6) composite?
False
Is (-1173)/(-3) - 3*(-6)/(-9) prime?
True
Suppose v + 124 = 4*v - 2*l, -4*v + 3*l + 167 = 0. Let j be 26*-2 + 3 - -2. Let d = v - j. Is d a composite number?
True
Let w(s) = s**3 - 2*s. Let z be w(-2). Let u = 56 + z. Is u/(-6)*6/(-4) composite?
False
Let p(j) = -j**3 - 7*j**2 + 7*j - 11. Let c be 0 + (0 - 1) - 7. Let x be p(c). Is x + 18 - (3 - 3) a composite number?
True
Let d(i) = 43*i - 72. Is d(21) composite?
True
Let k(i) = -i**2 + 17*i + 13. Let n(s) be the third derivative of s**4/24 + s**3/6 + 2*s**2. Let a(c) = k(c) - 6*n(c). Is a(6) a composite number?
False
Let r(f) = f + 3. Is r(3) a prime number?
False
Let q(m) = 23*m - m**2 + 3*m**2 + 3 - 21*m - 1. Let h = -4 + 0. Is q(h) a prime number?
False
Suppose -233 = 3*y - 1112. Is y a composite number?
False
Suppose -432 = -5*f + 2053. Is f prime?
False
Suppose l - x = 11, -l - x - 2 = -5. Suppose d - 2*f + l = 0, 0*d + f = -2*d - 4. Let k = 10 + d. Is k a prime number?
True
Let x be (-18)/((-12)/(-5) - 2). Let j(z) = z - 3. Let v be j(5). Is (x/(-12) - v)*20 prime?
False
Suppose 0*l = 3*l - 2721. Is l composite?
False
Let m(x) = x. Let j be m(3). Suppose j*k - 4*k + 4 = 0. Suppose k*t - 64 = -20. Is t a composite number?
False
Let m(t) = 41*t**2 + 7*t - 8. Let f be m(9). Is f/24*(-3)/(-2) a composite number?
False
Let r(i) = -63*i. Let w be r(1). Let p = 121 + w. Is p composite?
True
Let s(h) = 2*h**3 - h**2 + 2*h - 1. Let c be s(1). Let v be (c/(-6))/((-3)/36). Suppose -v*q + 385 = q. Is q a composite number?
True
Let k(c) = c**3 + 9*c**2 + 2. Let y be k(-9). Let n be 1/(0 - (-1)/7). Suppose 4*t - n = -4*a + 13, -24 = -y*a + 5*t. Is a a composite number?
False
Suppose -y + 0*y = -85. Is y a prime number?
False
Suppose -3 = w - 5. Suppose w*o + m = 76, 5*o + 22 = -4*m + 209. Is o a composite number?
True
Let y(d) = 5*d**3 + 2*d**2 - 2. Let v(f) = 4*f**3 + f**2 - 2. Let g(m) = -4*v(m) + 3*y(m). Let q be g(2). Is (1*-1)/(q/(-262)) a composite number?
False
Let c(g) = 3*g**3 + 9*g**2 - g + 7. Is c(8) a prime number?
True
Suppose -2*h = -5*l - 0*l - 390, -975 = -5*h - 3*l. Suppose 2*i - h = 59. Is i composite?
False
Let k be (-1)/(-2) + (-55)/(-10). Let c = k + -3. Suppose -3*q = 2*a - 909, c*a + a - 614 = -2*q. Is q a prime number?
False
Is (2*11)/((-6)/(-93)) a composite number?
True
Suppose 3*b = -b + 380. Suppose -b = -4*m + 29. Is m a prime number?
True
Let k = -1664 - -848. Is (1/3)/((-8)/k) prime?
False
Let u(v) = 2*v**3 - 1 + 0 + 3*v**2 - v**2 - 3*v**2 - 3*v. Is u(3) composite?
True
Let u = 136 + 27. Is u prime?
True
Let z be 2/(-6) - 1032/(-18). Suppose q - z = -0*t - 3*t, 0 = 2*t + q - 38. Is t composite?
False
Suppose -3*g - 150 + 5121 = 0. Is g a prime number?
True
Let u be ((-6)/(-4))/(2/4). Suppose 3*h = 4*k + 171, u*h + 2*k = 3*k + 162. Is h composite?
False
Suppose 82 = 5*h - 88. Is h composite?
True
Suppose 0 = 3*m - 0*a - a, 2 = 4*m - 2*a. Is (-3)/((-52)/46 - m) composite?
False
Suppose 1753 = 3*x - 212. Is x a prime number?
False
Let m = 229 + 444. Is m a composite number?
False
Let q = 4 + -2. Is ((-262)/8)/(q/(-8)) prime?
True
Suppose 5*x - 5 = p, 5*p = x + 2*p + 13. Let l be 3/(-6) + (-1)/x. Is (0 - 1)/(l/31) a composite number?
False
Let y(k) = 4*k**3 - 8*k**2 + 39. Is y(9) prime?
False
Let y(i) = i + 2. Let r be y(-5). Let q be ((-6)/4)/r*-8. Is (37/q)/(2/(-16)) a prime number?
False
Is (-3)/2*(-858)/9 a prime number?
False
Suppose 12*b = 17*b - 4435. Is b a composite number?
False
Let k = 77 + -34. Is k a prime number?
True
Is 2708 + (1 - -2)/1*-1 prime?
False
Is (-58)/(-3)*(-378)/(-36) a composite number?
True
Let t be ((-9)/(-12))/(4/(-544)). Let m be (-151)/(-3)*(4 - 1). Let b = m + t. Is b composite?
True
Let c be (-2)/((-1)/(-2)*2). Let b be (0 - 0)*-1 - -13. Let y = b + c. Is y a prime number?
True
Let g(c) = c - 5. Let a be g(4). Let o = 6 - a. Is o composite?
False
Let z(n) = -20*n**3 - 2*n**2 - n. Let x(j) = -j**2 - 8*j - 8. Let o be x(-7). Is z(o) prime?
True
Let t(k) = -12*k**2 + 6 + 0*k**3 + k**3 + 4*k**2 + 8*k. Let v = 21 + -14. Is t(v) a composite number?
False
Let w(z) be the second derivative of z**4/2 - 4*z**3/3 - 6*z**2 + 6*z. Is w(-5) prime?
False
Is ((-1)/2)/(2/(-2188)) a composite number?
False
Let o be 4*(-2)/(8/(-5)). Let k = -112 + 190. Let l = k + o. Is l a prime number?
True
Let l = -72 + 341. Is l composite?
False
Let c(u) = u**3 + 13*u**2 + 10*u - 14. Let n be c(-12). Suppose 5*f = n*f - 215. Is f a composite number?
False
Suppose 5*k - 63 = -h, 2*h = -k - h + 21. Let n be 1 + 0 + k/3. Suppose 115 = n*t - 10. Is t prime?
False
Let a = 163 - 112. Let f = a + 80. Is f prime?
True
Suppose 0 = 5*x - 4*p - 3216, -3219 = -5*x + p - 0*p. Let k = x + -381. Is k prime?
True
Let t be 2/(-7) + (-69)/(-21). Suppose 2*c - t = 1. Is (-1 + c)*1*26 composite?
True
Let a = 38 - -129. Is a a prime number?
True
Suppose 8*q - 4*q - 52 = 0. Suppose 8*h = q*h - 185. Is h prime?
True
Suppose b + 5*y = 38, 4*y = 7*b - 2*b - 74. Suppose 2*k + 94 = -3*w + 6*w, -w - 2*k = -b. Suppose -w = -n - 3*n. Is n prime?
True
Let a = 7 - 3. Suppose 0 = -i - a*i + 3*m + 811, 0 = -i - 4*m + 153. Is i a composite number?
True
Let c(n) = n**3 + 5*n**2 - 2*n - 1. Is c(-3) a prime number?
True
Let u(i) = -i**2 - 4*i. Let m be u(-3). Let w = 4 + m. Is w prime?
True
Let y be 2866/10 - 18/(-45). Suppose 0*d = d - y. Is d a prime number?
False
Let q be (-100)/6 - 1/3. Let h = 34 - q. Suppose 0 = 3*c + 2*j - h, -8 = 3*j + 1. Is c composite?
False
Let v(r) be the third derivative of -r**4/24 - r**3 + 4*r**2. Let d be v(-8). Suppose 4*y - 4*o = 240, 6*y - 5*o - 245 = d*y. Is y a composite number?
True
Suppose 4 = 4*m, -3*w + 0*w + 4*m + 113 = 0. Suppose -f = -4*f + w. Is f composite?
False
Let o = -531 - -1004. Is o a composite number?
True
Let a be (-2 + 4 + -2)/1. Let w(n) = 2*n + 23. Is w(a) a prime number?
True
Let q(r) be the third derivative of -r**6/120 + r**4/6 - 5*r**3/6 + r**2. Suppose 5*x + h + 16 = 0, 2*h + 4 + 8 = -5*x. Is q(x) a composite number?
False
Suppose 355 = 5*x - 0*q - 3*q, -3*q - 15 = 0. Let t be ((-1)/2)/(3/258). Let d = t + x. Is d a composite number?
True
Is 3/4 - (-18125)/20 composite?
False
Let k(s) = 15*s**2 + 8*s - 1. Is k(6) a prime number?
True
Let t(s) = -3*s**2 - 63*s - 16. Let g(a) = -2*a**2 - 42*a - 11. Let j(d) = -7*g(d) + 5*t(d). Is j(-18) prime?
False
Let f(p) = p + 12. Let k be f(-9). Suppose 16 = -s - 4*n + 151, -3*s - k*n = -387. Is s composite?
False
Let o(v) be the third derivative of -v**6/40 - v**5/12 + v**4/24 + 5*v**3/6 - 4*v**2. Is o(-4) composite?
False
Suppose 2410 = 2*l - 748. Is l composite?
False
Suppose 4*o - 109 = 199. Is o composite?
True
Suppose 0 = -4*k + 3 - 7, -4*k = 4*f - 280. Is f a composite number?
False
Suppose y + 130 = 6*y. Is y a composite number?
True
Let f = 10 - 8. Suppose f*o = 238 - 16. Suppose 4*x = 205 + o. Is x a composite number?
False
Let z(r) = -r**3 + 12*r**2 - 5*r - 11. Let f be z(9). Suppose -f = -2*u + 79. Is u prime?
False
Let w(l) = 1. Let x(m) = -2*m**2 + 2*m + 10. Let d(p) = 3*w(p) - x(p). Is d(7) a prime number?
False
Is ((-1652)/6)/((-4)/6) prime?
False
Suppose -4*q - 2*u + 2348 = -5*u, -2*u = q - 587. Is q prime?
True
Is 2390*4/16*2 a prime number?
False
Let o(f) = -f**3 + f - 2. Let w be o(2). Let n = w - -66. Is n a composite number?
True
Let g(b) = 6*b**2 - 2*b + 2. Let u(m) = 5*m**2 - m + 2. Let h(q) = -4*g(q) + 5*u(q). Let c be h(-3). Suppose 5*z = c*z + 447. Is z a prime number?
True
Let r(b) = 331*b + 2. Let k be r(2). Suppose 0*d - 4*d + k = -3*g, -3*d + 515 = 2*g. Is d composite?
True
Let w be 65 - 3/(-9)*3. Suppose 3*b - w = 39. Is b a composite number?
True
Suppose 0 = -i - 3*c + 2327, c + 9334 = 4*i - 0*c. Is i a composite number?
False
Let j = -17 + 9. Let k(z) = -11*z - 1. Let i be k(1). Is (106/j)/(3/i) a prime number?
True
Let t be 36/(-54) - (-7)/